s the thousands digit of 954572?
4
What is the hundreds digit of 2513846?
8
What is the thousands digit of 11626?
1
What is the ten thousands digit of 910250?
1
What is the units digit of 107554?
4
What is the hundred thousands digit of 425196?
4
What is the tens digit of 2734246?
4
What is the millions digit of 5689699?
5
What is the thousands digit of 4541093?
1
What is the ten thousands digit of 2156993?
5
What is the units digit of 1584998?
8
What is the tens digit of 9679110?
1
What is the units digit of 2502961?
1
What is the ten thousands digit of 161378?
6
What is the tens digit of 997311?
1
What is the thousands digit of 145504?
5
What is the ten thousands digit of 898966?
9
What is the hundred thousands digit of 4123786?
1
What is the ten thousands digit of 41795?
4
What is the units digit of 3769455?
5
What is the ten millions digit of 17001234?
1
What is the thousands digit of 37322880?
2
What is the units digit of 9790579?
9
What is the hundreds digit of 16668524?
5
What is the tens digit of 17284224?
2
What is the ten thousands digit of 25973919?
7
What is the hundreds digit of 1645411?
4
What is the hundred thousands digit of 328281?
3
What is the tens digit of 9023878?
7
What is the thousands digit of 108194?
8
What is the units digit of 9607?
7
What is the tens digit of 33072762?
6
What is the tens digit of 8103532?
3
What is the hundred thousands digit of 1818537?
8
What is the hundred thousands digit of 236793?
2
What is the units digit of 4948004?
4
What is the ten thousands digit of 4481264?
8
What is the hundreds digit of 2191582?
5
What is the tens digit of 6606373?
7
What is the ten thousands digit of 296886?
9
What is the tens digit of 1707819?
1
What is the tens digit of 1479697?
9
What is the units digit of 3679687?
7
What is the tens digit of 191037?
3
What is the units digit of 14614444?
4
What is the tens digit of 306550?
5
What is the hundred thousands digit of 11553629?
5
What is the tens digit of 98404?
0
What is the hundreds digit of 179349?
3
What is the hundreds digit of 460220?
2
What is the millions digit of 9540322?
9
What is the tens digit of 33603378?
7
What is the tens digit of 24526?
2
What is the thousands digit of 336367?
6
What is the units digit of 362116?
6
What is the ten thousands digit of 80960?
8
What is the ten thousands digit of 1895202?
9
What is the thousands digit of 722748?
2
What is the thousands digit of 5248440?
8
What is the thousands digit of 6609531?
9
What is the hundred thousands digit of 254334?
2
What is the thousands digit of 20578973?
8
What is the ten thousands digit of 17671?
1
What is the hundred thousands digit of 146935?
1
What is the tens digit of 10873241?
4
What is the hundreds digit of 837713?
7
What is the ten thousands digit of 178424?
7
What is the hundreds digit of 51265?
2
What is the hundred thousands digit of 2118302?
1
What is the thousands digit of 340886?
0
What is the units digit of 4650644?
4
What is the ten thousands digit of 272028?
7
What is the hundreds digit of 8439913?
9
What is the millions digit of 6237052?
6
What is the ten thousands digit of 3007979?
0
What is the units digit of 476177?
7
What is the units digit of 102389?
9
What is the ten thousands digit of 4050297?
5
What is the ten thousands digit of 597468?
9
What is the tens digit of 7429413?
1
What is the hundreds digit of 438553?
5
What is the millions digit of 5925496?
5
What is the ten thousands digit of 8434306?
3
What is the hundred thousands digit of 372536?
3
What is the hundred thousands digit of 687463?
6
What is the tens digit of 573028?
2
What is the hundreds digit of 17010357?
3
What is the units digit of 256348?
8
What is the ten millions digit of 12445724?
1
What is the thousands digit of 4232834?
2
What is the hundred thousands digit of 288512?
2
What is the tens digit of 19770043?
4
What is the millions digit of 14961583?
4
What is the tens digit of 3418185?
8
What is the ten thousands digit of 340134?
4
What is the units digit of 25897?
7
What is the tens digit of 521590?
9
What is the tens digit of 58996?
9
What is the units digit of 12954289?
9
What is the units digit of 1663475?
5
What is the ten thousands digit of 604035?
0
What is the units digit of 7252692?
2
What is the ten millions digit of 12575447?
1
What is the hundred thousands digit of 36956306?
9
What is the units digit of 355704?
4
What is the tens digit of 1024997?
9
What is the hundred thousands digit of 19618181?
6
What is the ten millions digit of 23256613?
2
What is the hundred thousands digit of 25322700?
3
What is the ten thousands digit of 4332142?
3
What is the units digit of 17986359?
9
What is the tens digit of 10605683?
8
What is the millions digit of 8840600?
8
What is the ten thousands digit of 23307?
2
What is the hundred thousands digit of 217218?
2
What is the thousands digit of 401994?
1
What is the millions digit of 5856982?
5
What is the ten thousands digit of 1879901?
7
What is the units digit of 10096936?
6
What is the thousands digit of 515414?
5
What is the hundreds digit of 4357779?
7
What is the ten thousands digit of 25932406?
3
What is the thousands digit of 3771387?
1
What is the ten thousands digit of 650384?
5
What is the hundreds digit of 92118?
1
What is the thousands digit of 105072?
5
What is the ten thousands digit of 130774?
3
What is the ten millions digit of 13144598?
1
What is the thousands digit of 10921680?
1
What is the units digit of 1970958?
8
What is the hundreds digit of 8426348?
3
What is the units digit of 599172?
2
What is the units digit of 59329?
9
What is the thousands digit of 466482?
6
What is the tens digit of 958352?
5
What is the hundreds digit of 563411?
4
What is the hundred thousands digit of 1607526?
6
What is the hundred thousands digit of 20450895?
4
What is the hundred thousands digit of 591771?
5
What is the thousands digit of 1909835?
9
What is the units digit of 19286604?
4
What is the millions digit of 9848840?
9
What is the hundred thousands digit of 2911393?
9
What is the hundreds digit of 140949?
9
What is the thousands digit of 1628535?
8
What is the tens digit of 124833?
3
What is the hundreds digit of 16330?
3
What is the units digit of 10596150?
0
What is the hundreds digit of 472920?
9
What is the tens digit of 120823?
2
What is the hundred thousands digit of 313112?
3
What is the hundred thousands digit of 12339064?
3
What is the tens digit of 338343?
4
What is the tens digit of 16182983?
8
What is the hundreds digit of 9728057?
0
What is the units digit of 4996022?
2
What is the hundreds digit of 7012330?
3
What is the hundreds digit of 4679834?
8
What is the hundreds digit of 65892?
8
What is the tens digit of 251703?
0
What is the thousands digit of 615970?
5
What is the hundreds digit of 211534?
5
What is the thousands digit of 112688?
2
What is the tens digit of 1423698?
9
What is the thousands digit of 14140329?
0
What is the hundreds digit of 185910?
9
What is the hundreds digit of 196484?
4
What is the hundreds digit of 224325?
3
What is the tens digit of 17798?
9
What is the units digit of 99377?
7
What is the millions digit of 1948215?
1
What is the hundreds digit of 4916080?
0
What is the tens digit of 5709040?
4
What is the hundreds digit of 116067?
0
What is the hundred thousands digit of 18852857?
8
What is the units digit of 305188?
8
What is the millions digit of 18555344?
8
What is the millions digit of 1782267?
1
What is the hundred thousands digit of 7685518?
6
What is the tens digit of 246740?
4
What is the hundreds digit of 2167610?
6
What is the hundreds digit of 416688?
6
What is the units digit of 1437102?
2
What is the tens digit of 934587?
8
What is the thousands digit of 33112?
3
What is the hundreds digit of 5867490?
4
What is the thousands digit of 304806?
4
What is the hundreds digit of 456475?
4
What is the hundreds digit of 12447935?
9
What is the millions digit of 10548247?
0
What is the tens digit of 807113?
1
What is the millions digit of 24012020?
4
What is the ten thousands digit of 4409016?
0
What is the units digit of 7126600?
0
What is the hundred thousands digit of 1758817?
7
What is the hundred thousands digit of 11637405?
6
What is the thousands digit of 181904?
1
What is the hundre